(v) = 6*v + 15. Give c(-7).
-27
Let a(p) = 3*p - 10. Calculate a(6).
8
Let v(c) = 3*c**2 + 14*c - 18. What is v(-7)?
31
Let h(r) = 5*r - 8. Calculate h(-3).
-23
Let j(g) = g + 1. What is j(-3)?
-2
Let d(n) = -7*n + 78. Give d(15).
-27
Let m(t) = t**2 + 12*t - 5. Give m(-12).
-5
Let x(b) = b**3 + 10*b**2 + 9. What is x(-10)?
9
Let q(u) = -u**2 - 10*u - 15. Determine q(-5).
10
Let z(k) = -k**3 - k**2 + 2*k + 2. Calculate z(-3).
14
Let i(x) = -x - 6. Give i(8).
-14
Let m(a) = -a**3 - 8*a**2 - 6*a + 2. Calculate m(-5).
-43
Let h(r) = 8*r + 16. What is h(-6)?
-32
Let i(r) = -2*r**2 + 2*r + 5. Calculate i(-2).
-7
Let h(o) = -o**3 - 6*o**2 + o - 32. Calculate h(-7).
10
Let z(r) = -3*r**3 + 3*r**2 + 1. Determine z(3).
-53
Let w(i) = -i**3 - 6*i**2 + 8*i + 1. Determine w(-7).
-6
Let r(y) = -y**3 + 9*y**2 - 17*y + 2. Give r(6).
8
Let d(b) = -b**2 - 7*b + 6. What is d(-6)?
12
Let f(s) = s**2 - 9*s - 6. Calculate f(9).
-6
Let r(o) = o**2 + 3*o - 13. Determine r(0).
-13
Let j(n) = -n**2 - 24*n - 70. Give j(-7).
49
Let t(k) = 2*k**2 - 9*k + 18. Calculate t(3).
9
Let x(t) = t**3 + 7*t**2 - 8*t + 8. Give x(-8).
8
Let k(t) = 3*t**2 + 89*t + 58. Determine k(-29).
0
Let v(y) = 29*y - 194. Give v(6).
-20
Let o(m) = -m**3 - 2*m**2 + 7*m - 4. Give o(-4).
0
Let o(y) = -y**3 + 4*y**2 - 4*y + 2. Give o(4).
-14
Let n(x) = -x**3 + 4*x**2 + 28*x - 32. Give n(7).
17
Let d(u) = -3*u - 18. Give d(-11).
15
Let b(p) = -p**3 - 8*p**2 - 15*p - 4. Calculate b(-6).
14
Let x(p) = p - 41. What is x(21)?
-20
Let o(s) = s**2 - 13*s - 10. Give o(13).
-10
Let f(c) = 2*c - 4. Calculate f(-4).
-12
Let b(d) = -d**2 + 11*d + 14. Give b(11).
14
Let m(x) = -246*x + 731. What is m(3)?
-7
Let y(q) = 9*q**2 - 3*q - 3. What is y(-2)?
39
Let n(w) = w**3 + 7*w**2 + 3*w - 6. Calculate n(-6).
12
Let w(m) = -2*m**3 + 17*m**2 - 14*m + 54. Determine w(8).
6
Let n(a) = -5*a + 9. Calculate n(4).
-11
Let q(w) = w + 1. Calculate q(0).
1
Let d(k) = -98*k - 286. Determine d(-3).
8
Let h(p) = 7*p - 42. Give h(5).
-7
Let t(k) = -k**2 + 41*k - 129. Calculate t(37).
19
Let n(h) = -8*h - 24. Determine n(-6).
24
Let j(x) = x**2 - 295. Give j(17).
-6
Let m(h) = h**3 - 11*h**2 + 10*h - 33. Give m(10).
-33
Let c(i) = 47*i - 192. Calculate c(4).
-4
Let h(l) = -l**2 + 24. What is h(6)?
-12
Let s(j) = 183*j + 1829. What is s(-10)?
-1
Let x(p) = 2*p**2 + 49*p + 266. Give x(-16).
-6
Let y(q) = 7*q**3 - 2*q**2 + 1. Give y(-1).
-8
Let o(f) = 6*f - 17. What is o(5)?
13
Let h(n) = -2*n**2 - 7*n - 13. What is h(-3)?
-10
Let h(c) = -c**2 - 7*c - 2. Give h(-8).
-10
Let b(y) = -y**3 + 8*y**2 + 10*y - 8. Determine b(9).
1
Let w(p) = -p**3 - 9*p**2 + 18*p - 14. Calculate w(-11).
30
Let n(u) = u**2 + 7*u + 1. Calculate n(-13).
79
Let a(k) = -3*k**2 - 110*k + 53. Calculate a(-37).
16
Let c(o) = -4*o - 48. Calculate c(-8).
-16
Let u(k) = -4*k**2 - 20*k - 1. Calculate u(-6).
-25
Let f(j) = j**2 - 13*j + 8. Calculate f(8).
-32
Let f(w) = w**3 - 7*w**2 + 3*w - 1. Give f(7).
20
Let d(y) = 5*y + 206. Give d(-41).
1
Let c(i) = i**3 + 6*i**2 - 8*i - 3. What is c(-7)?
4
Let o(z) = -z**2 - 26*z - 107. Determine o(-19).
26
Let l(u) = u**2 + 8*u + 24. Determine l(-5).
9
Let o(m) = -m**2 - 36*m - 64. What is o(-34)?
4
Let g(a) = a**2 + 9*a + 9. What is g(-8)?
1
Let j(z) = -z**3 + 8*z**2 - z + 3. Calculate j(8).
-5
Let s(c) = -6*c**2 + 4*c - 1. Calculate s(4).
-81
Let t(s) = -2*s**2 + 16*s - 29. Determine t(4).
3
Let g(m) = -48*m - 45. What is g(-1)?
3
Let u(b) = -2*b**2 - 4*b - 2. Give u(-4).
-18
Let o(k) = -2*k**2 + 36*k - 8. Determine o(18).
-8
Let s(y) = y**3 + 8*y**2 + 12*y + 1. What is s(-6)?
1
Let s(m) = -m**3 - 23*m**2 + 26*m + 51. Calculate s(-24).
3
Let v(t) = -68*t - 136. Give v(-2).
0
Let v(u) = -u**2 - 10*u - 14. Calculate v(-8).
2
Let n(p) = -2*p - 5. Give n(-5).
5
Let w(d) = d**2 + 7*d + 6. Give w(-6).
0
Let o(f) = f + 11. Give o(0).
11
Let k(t) = -118*t**2 - 4*t - 3. What is k(-1)?
-117
Let w(x) = -x**3 - 8*x**2 - 11*x + 2. Give w(-6).
-4
Let r(h) = -h**2 + 3*h - 5. Calculate r(4).
-9
Let v(q) = -q**3 - 11*q**2 - 10*q + 5. Give v(-10).
5
Let d(f) = -21*f + 123. What is d(6)?
-3
Let j(q) = 6*q**2 + 29*q - 29. What is j(1)?
6
Let q(r) = -r**2 - 12*r + 4. Determine q(-13).
-9
Let d(t) = -2*t**2 - 5*t + 5. What is d(2)?
-13
Let b(d) = 7*d - 70. Determine b(9).
-7
Let w(i) = -i**2 + 9*i - 8. Determine w(6).
10
Let m(l) = -l**2 - 4*l + 9. What is m(6)?
-51
Let j(f) = -2*f + 12. Give j(19).
-26
Let r(t) = t**3 + 8*t**2 - 5*t + 42. Give r(-10).
-108
Let s(o) = o**3 + 8*o**2 - 5*o - 6. Determine s(-9).
-42
Let u(y) = -8*y + 275. What is u(36)?
-13
Let b(v) = -15*v + 4. Determine b(-1).
19
Let d(j) = j**2 + j + 12. Calculate d(5).
42
Let c(z) = z**3 + 5*z**2 + 5*z + 3. What is c(-3)?
6
Let z(s) = 2*s**2 - 9*s + 5. What is z(2)?
-5
Let q(d) = d - 1. What is q(1)?
0
Let x(u) = -u**3 + 5*u**2 - 6*u + 4. What is x(5)?
-26
Let k(y) = y**3 - 7*y**2 + y + 17. What is k(7)?
24
Let y(g) = -g**3 + g**2 - g + 7. Determine y(3).
-14
Let l(n) = -n**3 - 5*n**2 - 2*n + 3. Determine l(-5).
13
Let f(u) = -9*u - 14. Determine f(-7).
49
Let y(a) = -78*a + 1170. What is y(15)?
0
Let z(g) = -g**3 - 10*g**2 + 11*g - 1. Determine z(-11).
-1
Let r(x) = 5*x**3 - 2*x + 4. Give r(2).
40
Let o(p) = p**3 - 11*p**2 + 6*p + 12. Give o(11).
78
Let x(g) = -g**2 - 7*g + 11. What is x(-11)?
-33
Let n(w) = 22*w - 753. What is n(34)?
-5
Let x(q) = -80*q**2 + 7*q + 7. Calculate x(-1).
-80
Let z(m) = 11*m**3 + 2*m**2 + m. What is z(-1)?
-10
Let g(r) = -r**3 + 9*r**2 - 6*r - 27. Determine g(9).
-81
Let h(z) = -5*z - 7. Calculate h(-1).
-2
Let b(h) = -h - 9. Calculate b(0).
-9
Let z(j) = j**3 + 7*j**2 - 7. Calculate z(-7).
-7
Let h(u) = -u**2 - 5*u + 19. What is h(-8)?
-5
Let c(r) = r**2 - 22*r - 29. Give c(23).
-6
Let p(b) = b**3 + 12*b**2 - b - 27. What is p(-11)?
105
Let k(d) = 11*d + 42. Calculate k(-4).
-2
Let f(i) = 21*i**2 - 80*i + 5. Calculate f(4).
21
Let b(s) = -s**3 - 10*s**2 - 20*s + 8. What is b(-7)?
1
Let s(b) = -b**2 - 14*b - 1. Calculate s(-6).
47
Let m(d) = -9*d - 48. What is m(-6)?
6
Let a(j) = -j**3 + 8*j**2 - 9*j. Calculate a(6).
18
Let b(z) = 8*z + 66. Determine b(-9).
-6
Let c(o) = -o**3 - o**2 + 9*o - 6. Give c(3).
-15
Let l(x) = 2*x + 19. Give l(-9).
1
Let j(w) = -18*w - 321. Give j(-18).
3
Let l(r) = -5*r - 123. Calculate l(-24).
-3
Let h(l) = -l + 29. What is h(22)?
7
Let s(n) = -n**3 + 5*n**2 - 10. What is s(7)?
-108
Let q(g) = -5*g + 104. What is q(21)?
-1
Let i(h) = -3*h - 44. What is i(-13)?
-5
Let k(l) = 11*l**3 + l**2. Determine k(1).
12
Let r(v) = 6*v - 1. Give r(-1).
-7
Let a(t) = -t**2 - 26*t + 121. What is a(-29)?
34
Let i(a) = -a**2 - 11*a - 22. What is i(-8)?
2
Let q(n) = -n**2 - 10*n + 2. Give q(-10).
2
Let k(u) = u**2 - 19*u + 84. Give k(12).
0
Let s(c) = -c**2 - 10*c - 4. Calculate s(-10).
-4
Let y(r) = 123*r + 2. Give y(-1).
-121
Let n(j) = -10*j - 197. Determine n(-19).
-7
Let y(h) = -h**3 - 36*h**2 - 70*h - 78. What is y(-34)?
-10
Let w(z) = 4*z**3 - 2*z - 1. What is w(-1)?
-3
Let z(y) = y + 6. Determine z(-4).
2
Let g(o) = o**3 + 6*o**2 + 8*o + 5. Determine g(-2).
5
Let q(s) = -25*s - 85. Determine q(-3).
-10
Let o(c) = 10*c - 12. Calculate o(-3).
-42
Let m(x) = -9*x**2 + 7*x + 6. Calculate m(-1).
-10
Let t(y) = y**2 + 10*y - 8. Determine t(-10).
-8
Let h(r) = 2*r + 31. Calculate h(-13).
5
Let y(k) = -22*k + 82. Give y(6).
-50
Let z(q) = -q**3 - 7*q**2 + 5*q - 9. Give z(-8).
15
Let d(n) = -n**3 - 9*n**2 + 8*n - 19. Give d(-10).
1
Let d(b) = -b**2 - 6*b + 50. Give d(-11).
-5
Let h(y) = 7*y + 2. Determine h(-2).
-12
Let p(y) = -y**3 - 6*y**2 - 5*y + 11. Calculate p(-5).
11
Let w(t) = -t + 11. Determine w(-4).
15
Let z(x) = 14*x**2 + 40*x - 5. Give z(-3).
1
Let k(o) = -o**2 + 10*o + 3. What is k(8)?
19
Let r(x) = -3*x + 47. Determine r(10).
17
Let c(o) = -25*o + 372. Give c(14).
22
Let p(w) = w**2 + 10*w + 10. Give p(-9).
1
Let a(k) = -k**2 - 13*k + 4. Determine a(-10).
34
Let w(a) = -a**3 + 45*a**2 - 84*a - 83. Calculate w(43).
3
Let z(j) = 21*j - 11. Give z(-2).
-53
Let m(s) = -3*s**2 + 2*s. Determine m(1).
-1
Let a(c) = 2*c - 52. Give a(15).
-22
Let u(v) = -2*v**2 - 7*v - 9. Determine u(-3).
-6
Let m(r) = 3*r**2 + 15*r + 11. Determine m(-7).
53
Let h(o) = o**3 + 6*o**2 - 9*o + 5. What is h(-7)?
19
Let f(w) = w**3 + 17*w**2 + 5*w + 6